hat is the hundreds digit of 310844?
8
What is the tens digit of 317217?
1
What is the units digit of 3281110?
0
What is the thousands digit of 147890?
7
What is the thousands digit of 198303?
8
What is the millions digit of 2318665?
2
What is the ten thousands digit of 399480?
9
What is the thousands digit of 79012?
9
What is the hundred thousands digit of 884255?
8
What is the hundreds digit of 172968?
9
What is the ten thousands digit of 1059391?
5
What is the ten thousands digit of 84167?
8
What is the millions digit of 16247164?
6
What is the hundred thousands digit of 4211875?
2
What is the hundreds digit of 6451976?
9
What is the units digit of 361189?
9
What is the thousands digit of 17935?
7
What is the ten thousands digit of 1505135?
0
What is the hundred thousands digit of 6117990?
1
What is the tens digit of 235006?
0
What is the ten thousands digit of 295721?
9
What is the tens digit of 15743516?
1
What is the ten thousands digit of 373157?
7
What is the hundreds digit of 7778605?
6
What is the units digit of 9587861?
1
What is the ten thousands digit of 23648757?
4
What is the tens digit of 865528?
2
What is the hundreds digit of 513963?
9
What is the thousands digit of 1739564?
9
What is the ten thousands digit of 212028?
1
What is the ten thousands digit of 17326105?
2
What is the thousands digit of 3803643?
3
What is the units digit of 1028188?
8
What is the hundreds digit of 957734?
7
What is the hundred thousands digit of 675202?
6
What is the units digit of 262094?
4
What is the millions digit of 5954993?
5
What is the ten thousands digit of 621953?
2
What is the units digit of 1950198?
8
What is the thousands digit of 42944983?
4
What is the thousands digit of 1558382?
8
What is the millions digit of 1341840?
1
What is the units digit of 5842595?
5
What is the thousands digit of 52734?
2
What is the hundred thousands digit of 253142?
2
What is the hundred thousands digit of 363257?
3
What is the thousands digit of 2719674?
9
What is the hundreds digit of 459390?
3
What is the hundred thousands digit of 187956?
1
What is the hundreds digit of 13659441?
4
What is the ten thousands digit of 249875?
4
What is the units digit of 4229740?
0
What is the hundreds digit of 5111972?
9
What is the thousands digit of 9992223?
2
What is the ten thousands digit of 678311?
7
What is the thousands digit of 5703226?
3
What is the hundred thousands digit of 13955770?
9
What is the units digit of 11426038?
8
What is the thousands digit of 401706?
1
What is the ten thousands digit of 569552?
6
What is the tens digit of 2242053?
5
What is the thousands digit of 483874?
3
What is the ten thousands digit of 1411858?
1
What is the thousands digit of 528724?
8
What is the ten thousands digit of 3926613?
2
What is the tens digit of 605219?
1
What is the tens digit of 805711?
1
What is the hundreds digit of 237132?
1
What is the hundreds digit of 4040728?
7
What is the hundred thousands digit of 370274?
3
What is the ten thousands digit of 23560236?
6
What is the thousands digit of 795295?
5
What is the thousands digit of 68743?
8
What is the ten thousands digit of 5175733?
7
What is the millions digit of 6167983?
6
What is the hundred thousands digit of 19393149?
3
What is the hundreds digit of 543953?
9
What is the ten thousands digit of 902035?
0
What is the units digit of 26638081?
1
What is the millions digit of 5297716?
5
What is the ten thousands digit of 265960?
6
What is the ten thousands digit of 24170111?
7
What is the units digit of 3552529?
9
What is the hundred thousands digit of 198516?
1
What is the hundreds digit of 7197524?
5
What is the tens digit of 6464774?
7
What is the ten thousands digit of 1459221?
5
What is the units digit of 2287719?
9
What is the hundreds digit of 154698?
6
What is the millions digit of 2152041?
2
What is the hundred thousands digit of 287604?
2
What is the ten thousands digit of 4767663?
6
What is the millions digit of 1724238?
1
What is the hundred thousands digit of 952913?
9
What is the hundreds digit of 14754399?
3
What is the ten millions digit of 22729622?
2
What is the units digit of 3312880?
0
What is the tens digit of 42249?
4
What is the hundreds digit of 77386?
3
What is the tens digit of 27047908?
0
What is the thousands digit of 1047781?
7
What is the units digit of 305170?
0
What is the tens digit of 1686664?
6
What is the hundred thousands digit of 3906194?
9
What is the units digit of 143604?
4
What is the hundreds digit of 5428477?
4
What is the ten thousands digit of 68464?
6
What is the units digit of 1680673?
3
What is the units digit of 820732?
2
What is the hundred thousands digit of 153953?
1
What is the units digit of 857189?
9
What is the thousands digit of 1943088?
3
What is the thousands digit of 51016?
1
What is the thousands digit of 13370974?
0
What is the units digit of 1405999?
9
What is the units digit of 351984?
4
What is the hundreds digit of 335266?
2
What is the units digit of 111574?
4
What is the units digit of 3458877?
7
What is the ten millions digit of 13900905?
1
What is the hundred thousands digit of 8117084?
1
What is the tens digit of 9237336?
3
What is the ten thousands digit of 207475?
0
What is the thousands digit of 2852778?
2
What is the millions digit of 3931634?
3
What is the ten millions digit of 35326265?
3
What is the ten thousands digit of 327605?
2
What is the thousands digit of 9206?
9
What is the units digit of 17168?
8
What is the tens digit of 570190?
9
What is the hundreds digit of 431900?
9
What is the units digit of 349194?
4
What is the hundred thousands digit of 2185275?
1
What is the units digit of 2086006?
6
What is the hundred thousands digit of 14213950?
2
What is the thousands digit of 112727?
2
What is the hundred thousands digit of 568422?
5
What is the hundreds digit of 215846?
8
What is the units digit of 632838?
8
What is the thousands digit of 829319?
9
What is the thousands digit of 15831090?
1
What is the hundred thousands digit of 117592?
1
What is the hundred thousands digit of 837486?
8
What is the hundred thousands digit of 663672?
6
What is the tens digit of 490511?
1
What is the thousands digit of 297009?
7
What is the thousands digit of 1658405?
8
What is the millions digit of 1685254?
1
What is the hundreds digit of 665005?
0
What is the millions digit of 8133788?
8
What is the thousands digit of 237747?
7
What is the thousands digit of 7389693?
9
What is the hundreds digit of 11260968?
9
What is the hundreds digit of 210568?
5
What is the units digit of 579941?
1
What is the tens digit of 1250464?
6
What is the thousands digit of 1607287?
7
What is the tens digit of 21091674?
7
What is the hundreds digit of 9680740?
7
What is the hundreds digit of 10007755?
7
What is the thousands digit of 458622?
8
What is the hundreds digit of 177135?
1
What is the hundreds digit of 939744?
7
What is the units digit of 5096871?
1
What is the hundred thousands digit of 366748?
3
What is the hundred thousands digit of 2073552?
0
What is the thousands digit of 26679?
6
What is the hundred thousands digit of 603095?
6
What is the units digit of 669413?
3
What is the thousands digit of 832290?
2
What is the tens digit of 3353000?
0
What is the tens digit of 515997?
9
What is the hundreds digit of 21968742?
7
What is the tens digit of 1399657?
5
What is the hundreds digit of 5021538?
5
What is the hundred thousands digit of 258683?
2
What is the ten millions digit of 17680515?
1
What is the tens digit of 7790093?
9
What is the ten thousands digit of 425685?
2
What is the units digit of 1166624?
4
What is the hundreds digit of 534795?
7
What is the units digit of 1049146?
6
What is the units digit of 373992?
2
What is the ten thousands digit of 1034952?
3
What is the tens digit of 849455?
5
What is the millions digit of 3091233?
3
What is the units digit of 853250?
0
What is the tens digit of 88090?
9
What is the tens digit of 275603?
0
What is the ten thousands digit of 460705?
6
What is the ten thousands digit of 1352887?
5
What is the ten thousands digit of 4739269?
3
What is the hundred thousands digit of 316384?
3
What is the hundreds digit of 68275?
2
What is the units digit of 2699972?
2
What is the ten thousands digit of 3633